{"id":643,"date":"2025-12-11T17:23:04","date_gmt":"2025-12-11T20:23:04","guid":{"rendered":"https:\/\/www.aularecords.cl\/\/?page_id=643"},"modified":"2025-12-11T17:23:04","modified_gmt":"2025-12-11T20:23:04","slug":"francisco-meneses","status":"publish","type":"page","link":"https:\/\/www.aularecords.cl\/artistas\/artistas-visuales\/francisco-meneses\/","title":{"rendered":"FRANCISCO MENESES"},"content":{"rendered":"\n<div class=\"wp-block-group\"><div class=\"wp-block-group__inner-container is-layout-constrained wp-block-group-is-layout-constrained\">\n<div class=\"wp-block-media-text is-stacked-on-mobile artista-single\">\n<figure class=\"wp-block-media-text__media\"><img loading=\"lazy\" decoding=\"async\" class=\"alignnone wp-image-559 size-full\" src=\"https:\/\/www.aularecords.cl\/\/wp-content\/uploads\/2025\/12\/AR013-Francisco-Meneses-e1765484564435.jpg\" alt=\"\" width=\"533\" height=\"533\" srcset=\"https:\/\/www.aularecords.cl\/wp-content\/uploads\/2025\/12\/AR013-Francisco-Meneses-e1765484564435.jpg 533w, https:\/\/www.aularecords.cl\/wp-content\/uploads\/2025\/12\/AR013-Francisco-Meneses-e1765484564435-300x300.jpg 300w, https:\/\/www.aularecords.cl\/wp-content\/uploads\/2025\/12\/AR013-Francisco-Meneses-e1765484564435-100x100.jpg 100w, https:\/\/www.aularecords.cl\/wp-content\/uploads\/2025\/12\/AR013-Francisco-Meneses-e1765484564435-150x150.jpg 150w\" sizes=\"auto, (max-width: 533px) 100vw, 533px\" \/><\/figure>\n<div class=\"wp-block-media-text__content\">\n<h3 class=\"wp-block-heading\">FRANCISCO MENESES<\/h3>\n<p><strong>Santiago, 1988<\/strong><\/p>\n<p><strong>\n<\/strong><\/p>\n<p><span style=\"font-weight: 400;\">Dise\u00f1ador gr\u00e1fico del Instituto Arcos que se ha especializado en el trabajo con herramientas digitales y animaci\u00f3n 3D. Ha colaborado tanto en publicaciones como en conciertos y videoclips de numerosos artistas de m\u00fasica pop y electr\u00f3nica, adem\u00e1s de proyectos de moda y publicidad. Cre\u00f3 el arte de <\/span><i><span style=\"font-weight: 400;\">Destinos vencen finezas<\/span><\/i><span style=\"font-weight: 400;\"> (AR013).<\/span><\/p>\n<p><span style=\"font-size: 10pt;\">Foto: Fabio Sep\u00falveda.<\/span><\/p>\n<\/div>\n<\/div>\n<\/div><\/div>\n","protected":false},"excerpt":{"rendered":"<p>FRANCISCO MENESES Santiago, 1988 Dise\u00f1ador gr\u00e1fico del Instituto Arcos que se ha especializado en el trabajo con herramientas digitales y animaci\u00f3n 3D. Ha colaborado tanto en publicaciones como en conciertos y videoclips de numerosos artistas de m\u00fasica pop y electr\u00f3nica, adem\u00e1s de proyectos de moda y publicidad. Cre\u00f3 el arte de Destinos vencen finezas (AR013). [&hellip;]<\/p>\n","protected":false},"author":1,"featured_media":559,"parent":126,"menu_order":51,"comment_status":"closed","ping_status":"closed","template":"","meta":{"footnotes":""},"class_list":["post-643","page","type-page","status-publish","has-post-thumbnail","hentry"],"_links":{"self":[{"href":"https:\/\/www.aularecords.cl\/wp-json\/wp\/v2\/pages\/643","targetHints":{"allow":["GET"]}}],"collection":[{"href":"https:\/\/www.aularecords.cl\/wp-json\/wp\/v2\/pages"}],"about":[{"href":"https:\/\/www.aularecords.cl\/wp-json\/wp\/v2\/types\/page"}],"author":[{"embeddable":true,"href":"https:\/\/www.aularecords.cl\/wp-json\/wp\/v2\/users\/1"}],"replies":[{"embeddable":true,"href":"https:\/\/www.aularecords.cl\/wp-json\/wp\/v2\/comments?post=643"}],"version-history":[{"count":0,"href":"https:\/\/www.aularecords.cl\/wp-json\/wp\/v2\/pages\/643\/revisions"}],"up":[{"embeddable":true,"href":"https:\/\/www.aularecords.cl\/wp-json\/wp\/v2\/pages\/126"}],"wp:featuredmedia":[{"embeddable":true,"href":"https:\/\/www.aularecords.cl\/wp-json\/wp\/v2\/media\/559"}],"wp:attachment":[{"href":"https:\/\/www.aularecords.cl\/wp-json\/wp\/v2\/media?parent=643"}],"curies":[{"name":"wp","href":"https:\/\/api.w.org\/{rel}","templated":true}]}}