{"id":627,"date":"2025-12-11T17:01:35","date_gmt":"2025-12-11T20:01:35","guid":{"rendered":"https:\/\/www.aularecords.cl\/\/?page_id=627"},"modified":"2025-12-11T17:01:35","modified_gmt":"2025-12-11T20:01:35","slug":"simon-jarpa","status":"publish","type":"page","link":"https:\/\/www.aularecords.cl\/artistas\/artistas-visuales\/simon-jarpa\/","title":{"rendered":"SIM\u00d3N JARPA"},"content":{"rendered":"\n<div class=\"wp-block-group\"><div class=\"wp-block-group__inner-container is-layout-constrained wp-block-group-is-layout-constrained\">\n<div class=\"wp-block-media-text is-stacked-on-mobile artista-single\">\n<figure class=\"wp-block-media-text__media\"><img loading=\"lazy\" decoding=\"async\" class=\"alignnone wp-image-550 size-medium\" src=\"https:\/\/www.aularecords.cl\/\/wp-content\/uploads\/2025\/12\/AR004-Simon-Jarpa-1000x1000.jpeg\" alt=\"\" width=\"1000\" height=\"1000\" \/><\/figure>\n<div class=\"wp-block-media-text__content\">\n<h3 class=\"wp-block-heading\">SIM\u00d3N JARPA<\/h3>\n<p><strong>Santiago, 1989<\/strong><\/p>\n<p><strong>\n<\/strong><\/p>\n<p><span style=\"font-weight: 400;\">Artista con estudios en la Escuela de Cine de Chile. Se ha especializado en ilustraci\u00f3n, animaci\u00f3n y direcci\u00f3n de arte. Sus trabajos han circulado en festivales de cine, adem\u00e1s de exposiciones en universidades y galer\u00edas. En formato a dos colores, dise\u00f1\u00f3 e imprimi\u00f3 las 40 portadas de <\/span><i><span style=\"font-weight: 400;\">Suite para peque\u00f1a orquesta<\/span><\/i><span style=\"font-weight: 400;\"> (AR004).<\/span><\/p>\n<p><span style=\"font-size: 10pt;\">Foto: Flavia Contreras.<\/span><\/p>\n<\/div>\n<\/div>\n<\/div><\/div>\n","protected":false},"excerpt":{"rendered":"<p>SIM\u00d3N JARPA Santiago, 1989 Artista con estudios en la Escuela de Cine de Chile. Se ha especializado en ilustraci\u00f3n, animaci\u00f3n y direcci\u00f3n de arte. Sus trabajos han circulado en festivales de cine, adem\u00e1s de exposiciones en universidades y galer\u00edas. En formato a dos colores, dise\u00f1\u00f3 e imprimi\u00f3 las 40 portadas de Suite para peque\u00f1a orquesta [&hellip;]<\/p>\n","protected":false},"author":1,"featured_media":550,"parent":126,"menu_order":41,"comment_status":"closed","ping_status":"closed","template":"","meta":{"footnotes":""},"class_list":["post-627","page","type-page","status-publish","has-post-thumbnail","hentry"],"_links":{"self":[{"href":"https:\/\/www.aularecords.cl\/wp-json\/wp\/v2\/pages\/627","targetHints":{"allow":["GET"]}}],"collection":[{"href":"https:\/\/www.aularecords.cl\/wp-json\/wp\/v2\/pages"}],"about":[{"href":"https:\/\/www.aularecords.cl\/wp-json\/wp\/v2\/types\/page"}],"author":[{"embeddable":true,"href":"https:\/\/www.aularecords.cl\/wp-json\/wp\/v2\/users\/1"}],"replies":[{"embeddable":true,"href":"https:\/\/www.aularecords.cl\/wp-json\/wp\/v2\/comments?post=627"}],"version-history":[{"count":0,"href":"https:\/\/www.aularecords.cl\/wp-json\/wp\/v2\/pages\/627\/revisions"}],"up":[{"embeddable":true,"href":"https:\/\/www.aularecords.cl\/wp-json\/wp\/v2\/pages\/126"}],"wp:featuredmedia":[{"embeddable":true,"href":"https:\/\/www.aularecords.cl\/wp-json\/wp\/v2\/media\/550"}],"wp:attachment":[{"href":"https:\/\/www.aularecords.cl\/wp-json\/wp\/v2\/media?parent=627"}],"curies":[{"name":"wp","href":"https:\/\/api.w.org\/{rel}","templated":true}]}}