{"id":533,"date":"2025-12-10T17:09:11","date_gmt":"2025-12-10T20:09:11","guid":{"rendered":"https:\/\/www.aularecords.cl\/\/?page_id=533"},"modified":"2025-12-10T17:09:11","modified_gmt":"2025-12-10T20:09:11","slug":"ensamble-de-percusiones-usach","status":"publish","type":"page","link":"https:\/\/www.aularecords.cl\/artistas\/interpretes\/ensamble-de-percusiones-usach\/","title":{"rendered":"ENSAMBLE DE PERCUSIONES USACH"},"content":{"rendered":"\n<div class=\"wp-block-group\"><div class=\"wp-block-group__inner-container is-layout-constrained wp-block-group-is-layout-constrained\">\n<div class=\"wp-block-media-text is-stacked-on-mobile artista-single\">\n<figure class=\"wp-block-media-text__media\"><img loading=\"lazy\" decoding=\"async\" class=\"alignnone wp-image-508 size-medium\" src=\"https:\/\/www.aularecords.cl\/\/wp-content\/uploads\/2025\/12\/Ensamble-de-Percusiones-Usach-1000x667.jpg\" alt=\"\" width=\"1000\" height=\"667\" \/><\/figure>\n<div class=\"wp-block-media-text__content\">\n<h3 class=\"wp-block-heading\">ENSAMBLE DE PERCUSIONES USACH<\/h3>\n<p><strong>\n<\/strong><\/p>\n<p><span style=\"font-weight: 400;\">Conjunto nacido al alero de la Orquesta Usach que, desde 2021, es liderado por Marcelo Stuardo. Se enfoca en la m\u00fasica chilena contempor\u00e1nea y el v\u00ednculo con disciplinas como la danza y la poes\u00eda.<\/span><\/p>\n<p><span style=\"font-size: 10pt;\">Foto: Gary Go.<\/span><\/p>\n<\/div>\n<\/div>\n<\/div><\/div>\n","protected":false},"excerpt":{"rendered":"<p>ENSAMBLE DE PERCUSIONES USACH Conjunto nacido al alero de la Orquesta Usach que, desde 2021, es liderado por Marcelo Stuardo. Se enfoca en la m\u00fasica chilena contempor\u00e1nea y el v\u00ednculo con disciplinas como la danza y la poes\u00eda. Foto: Gary Go.<\/p>\n","protected":false},"author":1,"featured_media":508,"parent":124,"menu_order":33,"comment_status":"closed","ping_status":"closed","template":"","meta":{"footnotes":""},"class_list":["post-533","page","type-page","status-publish","has-post-thumbnail","hentry"],"_links":{"self":[{"href":"https:\/\/www.aularecords.cl\/wp-json\/wp\/v2\/pages\/533","targetHints":{"allow":["GET"]}}],"collection":[{"href":"https:\/\/www.aularecords.cl\/wp-json\/wp\/v2\/pages"}],"about":[{"href":"https:\/\/www.aularecords.cl\/wp-json\/wp\/v2\/types\/page"}],"author":[{"embeddable":true,"href":"https:\/\/www.aularecords.cl\/wp-json\/wp\/v2\/users\/1"}],"replies":[{"embeddable":true,"href":"https:\/\/www.aularecords.cl\/wp-json\/wp\/v2\/comments?post=533"}],"version-history":[{"count":0,"href":"https:\/\/www.aularecords.cl\/wp-json\/wp\/v2\/pages\/533\/revisions"}],"up":[{"embeddable":true,"href":"https:\/\/www.aularecords.cl\/wp-json\/wp\/v2\/pages\/124"}],"wp:featuredmedia":[{"embeddable":true,"href":"https:\/\/www.aularecords.cl\/wp-json\/wp\/v2\/media\/508"}],"wp:attachment":[{"href":"https:\/\/www.aularecords.cl\/wp-json\/wp\/v2\/media?parent=533"}],"curies":[{"name":"wp","href":"https:\/\/api.w.org\/{rel}","templated":true}]}}